. Give a(0).
-3
Let b(a) = -11*a**2 + 20*a - 30. Give b(6).
-306
Let d(j) = -2*j**3 - 42*j**2 + 11*j + 10. Calculate d(-21).
-221
Let j(d) = -71*d**2 - 1048*d + 269. Calculate j(-15).
14
Let c(h) = h**3 + 15*h**2 - 11*h - 19. Calculate c(-16).
-99
Let a(s) = s**3 + 23*s**2 + 40*s + 138. Determine a(-21).
180
Let p(s) = -46*s - 196. Determine p(-4).
-12
Let a(z) = z**2 + 41*z + 187. What is a(-5)?
7
Let w(n) = -16097*n - 16083. Determine w(-1).
14
Let l(w) = -w**3 - 119*w**2 + 364*w - 242. Determine l(-122).
2
Let d(s) = s**2 + 24*s - 4. Determine d(8).
252
Let k(i) = -430*i + 4309. What is k(10)?
9
Let y(o) = -4*o**3 - 2*o**2 + 5*o - 7. Determine y(4).
-275
Let g(u) = 4*u**2 - 86*u - 471. Calculate g(26).
-3
Let r(s) = 3*s**2 - 99*s + 228. Calculate r(30).
-42
Let k(v) = 121*v + 130. Determine k(-1).
9
Let j(i) = i**3 - 8*i**2 - 2*i + 41. Give j(7).
-22
Let x(f) = -15*f**3 + 1889*f**2 + 127*f - 134. Calculate x(126).
-8
Let f(q) = -q**3 + 5*q**2 + 9*q - 32. Calculate f(6).
-14
Let a(w) = -3*w**3 - 50*w**2 + 68*w - 72. Calculate a(-18).
0
Let n(h) = 54*h + 3964. Determine n(-71).
130
Let w(x) = -50*x + 52. Determine w(5).
-198
Let j(t) = -t**2 - 56*t - 164. Give j(-54).
-56
Let a(o) = -36*o**2 + 265*o - 31. Give a(7).
60
Let y(s) = -2*s**3 + s**2 + 53*s - 12. Determine y(0).
-12
Let b(c) = 4495*c + 22462. Determine b(-5).
-13
Let z(l) = -l**2 - 86*l + 703. What is z(-94)?
-49
Let m(w) = 166*w**3 + 44*w**2 - 43*w - 2. What is m(1)?
165
Let r(m) = -5*m**3 + 4*m**2 + 5*m + 2. Give r(-3).
158
Let g(k) = k**3 - 47*k**2 - 260*k + 9. Calculate g(-5).
9
Let c(g) = -2*g + 12. Calculate c(41).
-70
Let t(z) = -402*z + 12456. Determine t(31).
-6
Let r(a) = -4522*a - 99473. Calculate r(-22).
11
Let u(h) = 17*h + 202. What is u(0)?
202
Let d(u) = 3*u**3 + 5*u**2 + 16*u + 9. Determine d(-5).
-321
Let o(h) = -22*h + 224. What is o(11)?
-18
Let n(u) = 13*u**2 - 447*u + 1784. Give n(4).
204
Let k(z) = 4*z**3 - 15*z**2 - 24*z + 78. Give k(3).
-21
Let w(p) = 17*p + 1392. Determine w(-88).
-104
Let w(i) = -539*i + 3534. Determine w(7).
-239
Let a(f) = -f**3 + 9*f**2 - 14*f + 65. Determine a(8).
17
Let z(b) = -13*b - 47. Give z(-3).
-8
Let p(w) = -116*w**2 - 230*w - 4. Calculate p(-2).
-8
Let c(p) = 4*p**2 + 199*p - 1637. Determine c(-57).
16
Let k(s) = -3*s**3 - 12*s**2 - 32*s - 20. Determine k(-3).
49
Let m(h) = h**3 + 11*h**2 - 8*h - 246. Give m(0).
-246
Let v(h) = 13*h + 308. Calculate v(-23).
9
Let i(y) = 6*y**2 + 403*y - 404. Give i(1).
5
Let t(l) = 18*l - 41. What is t(-3)?
-95
Let q(h) = -9*h**2 + 1095*h + 323. Determine q(122).
-43
Let k(g) = -g - 105. Calculate k(-38).
-67
Let z(f) = f - 40. Give z(-14).
-54
Let g(q) = -3*q**2 + 231*q + 2162. Give g(-9).
-160
Let h(t) = -76*t - 912. Give h(-12).
0
Let u(t) = 17*t + 3. Give u(7).
122
Let b(y) = -y**3 + y**2 - 6*y - 117. Give b(0).
-117
Let r(k) = 24*k**2 - 1125*k - 198. What is r(47)?
-57
Let c(t) = 166*t + 4226. Determine c(-25).
76
Let g(u) = -u**3 + 11*u**2 + 19*u + 8. Give g(12).
92
Let b(z) = -12*z**2 - 822*z - 405. Calculate b(-68).
3
Let t(c) = -4*c**3 + 2*c**2 - 4*c + 22. Calculate t(3).
-80
Let c(k) = -8*k + 209. Determine c(31).
-39
Let h(u) = 7*u**3 + 66*u**2 + 163*u + 12. Determine h(-3).
-72
Let x(q) = -2*q**2 + 80*q - 30. Give x(40).
-30
Let g(j) = j**2 + 37*j + 318. Determine g(-9).
66
Let c(f) = 2*f**2 + 27*f + 17. Give c(-14).
31
Let n(p) = -29*p**3 + 1536*p**2 + 52*p + 47. Give n(53).
-6
Let w(o) = o**3 - 107*o**2 + 292*o + 1969. Calculate w(104).
-111
Let u(q) = -q**3 + 26*q**2 - 45*q - 45. What is u(24)?
27
Let m(u) = 137*u + 1656. Determine m(-13).
-125
Let j(t) = 16*t**2 + 2*t + 1. Calculate j(-4).
249
Let s(q) = -q**3 + 10*q**2 + q + 113. What is s(11)?
3
Let t(l) = l**3 - 19*l**2 - 183*l - 10. Determine t(-7).
-3
Let z(x) = x**2 - 58*x + 263. Give z(5).
-2
Let b(f) = f**3 + 11*f**2 + 39*f + 13. Determine b(-8).
-107
Let r(o) = -2*o**3 + 11*o**2 - 12*o - 8. Determine r(5).
-43
Let u(q) = -q**3 - 7*q - 27. Determine u(-5).
133
Let z(x) = -14*x**2 - 200*x + 1245. Determine z(-19).
-9
Let p(c) = -c**2 + 349. Give p(-16).
93
Let f(c) = 90*c**2 - 274*c - 889. What is f(5)?
-9
Let v(i) = -289*i + 9824. Calculate v(34).
-2
Let a(s) = 419*s - 967. Determine a(3).
290
Let x(r) = 5*r**3 - 2*r**2 + 7*r + 13. Calculate x(-2).
-49
Let t(m) = -608*m + 3029. Calculate t(5).
-11
Let r(d) = 2*d**2 - 160*d + 164. Give r(79).
6
Let y(p) = 2*p**3 - 387*p**2 + 220*p - 5210. Determine y(193).
1
Let p(c) = -38*c + 1499. Determine p(39).
17
Let c(o) = o**3 + 10*o**2 - 7*o - 45. What is c(-10)?
25
Let o(a) = -13*a - 413. What is o(-16)?
-205
Let w(d) = 2*d**2 - 135*d - 1097. What is w(-8)?
111
Let w(j) = -3*j**2 - 101*j - 183. What is w(-36)?
-435
Let f(o) = -4*o**2 - 54*o + 193. Calculate f(3).
-5
Let m(k) = 43*k**2 + 4*k - 496. Determine m(0).
-496
Let u(m) = -19*m**2 + 150*m + 19. Determine u(8).
3
Let w(a) = -a**3 + 43*a**2 + 91*a - 47. What is w(45)?
-2
Let i(r) = -3*r**2 - 53*r + 768. Determine i(-27).
12
Let g(s) = -s**3 + 87*s**2 - 383*s + 4233. Determine g(83).
0
Let t(g) = -2*g**2 - 63*g - 466. Calculate t(-8).
-90
Let o(f) = -f**3 - 17*f**2 - 24*f + 148. What is o(-5)?
-32
Let d(t) = -2*t**2 + 88*t - 442. Determine d(33).
284
Let f(n) = -8*n**2 + 53*n + 1642. Determine f(18).
4
Let j(d) = -34*d**3 + 5*d**2 + 7*d + 3. Give j(2).
-235
Let b(m) = m**2 - 23*m - 92. Calculate b(-6).
82
Let i(z) = -24*z**2 - 8*z + 26. Give i(3).
-214
Let r(n) = 555*n - 2767. Determine r(5).
8
Let k(n) = 3*n**2 + 9*n + 31. Give k(-3).
31
Let x(b) = -8*b - 229. Determine x(-36).
59
Let j(a) = a**2 - 113*a - 6320. Calculate j(-41).
-6
Let d(y) = -483*y + 3393. What is d(7)?
12
Let h(f) = -100*f + 4602. Give h(46).
2
Let q(w) = -2*w**3 - 43*w**2 + 20*w - 22. Give q(-22).
22
Let q(w) = -2*w**3 + 23*w**2 + 93*w - 1178. Give q(11).
-34
Let c(s) = -3*s**2 - 169*s + 876. What is c(5)?
-44
Let m(f) = 306*f - 20201. What is m(66)?
-5
Let j(s) = -s**3 + 15*s**2 - 35*s - 73. Determine j(5).
2
Let d(v) = -v**3 - 13*v**2 - 6*v + 52. What is d(-6)?
-164
Let g(x) = x**3 - 12*x**2 - 63*x + 744. Give g(12).
-12
Let i(l) = -l**3 - 3*l**2 - 35*l - 159. Give i(-4).
-3
Let k(w) = -w**3 - 19*w**2 + 15*w + 278. Determine k(-19).
-7
Let h(x) = -2*x**3 + 6*x**2 + 15*x + 14. What is h(-2)?
24
Let k(b) = 469*b - 1404. Give k(3).
3
Let s(w) = 36*w + 1353. What is s(-35)?
93
Let l(f) = -f**3 - 7*f**2 - 2*f - 37. What is l(-6)?
-61
Let s(k) = -7*k**2 - 548*k - 150. Determine s(-78).
6
Let g(n) = n**2 + 27*n + 90. Give g(-16).
-86
Let z(a) = 92*a - 12. Calculate z(1).
80
Let x(s) = -7*s + 32. Determine x(2).
18
Let b(x) = -263*x - 13049. Give b(-50).
101
Let y(c) = c**3 - 5*c**2 - 54*c - 2. Calculate y(-7).
-212
Let t(x) = 30*x - 132. What is t(-10)?
-432
Let r(j) = -53*j**3 + 2*j**2 - j + 1. What is r(1)?
-51
Let r(y) = y**3 + 35*y**2 + 59*y - 150. Calculate r(-33).
81
Let j(c) = 6*c**2 - 68*c - 40. Determine j(13).
90
Let g(i) = i**3 + 10*i**2 - 9*i - 25. Determine g(-11).
-47
Let d(v) = -v**3 + 45*v**2 - 325*v + 22. What is d(9)?
13
Let y(t) = -98*t + 3331. What is y(34)?
-1
Let q(x) = -2*x**3 - 43*x**2 + 49*x - 449. Give q(-23).
11
Let p(g) = g**3 - 34*g**2 + 114*g + 190. Calculate p(30).
10
Let y(z) = z**2 + 34*z - 228. Determine y(-36).
-156
Let y(o) = 380*o - 10963. Determine y(29).
57
Let k(m) = -m**2 + 130*m - 1079. Give k(120).
121
Let b(o) = 375*o + 4125. What is b(-11)?
0
Let p(l) = 2*l**3 + 397*l**2 - 179*l + 3974. What is p(-199)?
-6
Let x(a) = -9*a**2 - 17*a - 20. Determine x(6).
-446
Let w(m) = -m**3 + 62*m**2 - 63*m - 322. Calculate w(61).
-444
Let k(n) = -2*n**2 - 538*n - 1608. Determine k(-3).
-12
Let g(n) = 3144*n - 18850. Give g(6).
14
Let o(p) = 76*p - 814. What is o(9)?
-130
Let r(w) = -w**2 - 83*w - 862. What is r(-71)?
-10
Let u(k) = 2*k**3 + 3*k - 4. Give u(-2).
-26
Let a(f) = 23*f**2 + 2068*f - 205. Calculate a(-90).
-25
Let x(z) = -9*z**3 - 4*z**2 - 3*z + 1. Determine x(-2).
63
Let d(i) = i**3 - 29*i**2 + 5*i - 134. Determine d(29).
11
Let c(t) = -78*t - 561. Determine c(-7).
-15
Let o(d) = -5*d + 7. What is o(10)?
-43
Let k(h) = -15*h - 319. Calculate k(-19).
-34
Let h(z) = -6*z**2 - 276*z + 58. Calculate h(-46).
58
Let s(u) = -u**3 - 12*u**2 - 33*u - 46. Determine s(-9).
8
Let r(o) = 120*o + 4206. What is r(-35)?
6
Let